 the greatest common factor of s and 6?
6
Suppose 4*y - 78 = -2*z, y = -0*z - z + 18. Let u be 105*7/(y/2). Let n = 47 + -33. Calculate the greatest common divisor of u and n.
14
Suppose -45 + 173 = 4*u. Let x = 11 - u. Let c = x + 34. Calculate the highest common factor of 13 and c.
13
Let b be 658/(-8)*-18 - (-21)/14. Calculate the greatest common divisor of 156 and b.
78
Suppose 0 = -3*o + 6*o - 252. Suppose -5*n = -3*v - 53, 2*n = -2*v + 4*n - 34. Let f = v + 30. What is the greatest common factor of f and o?
14
Let c(l) = 3*l**3 + 2*l**2 + l - 4. Let v be c(4). Calculate the highest common factor of 35 and v.
7
Let q = -137 + 145. Let f be (0 - 0) + -16*2. Let s = 112 + f. Calculate the highest common divisor of q and s.
8
Let v(c) = -c**3 - c**2 + 2*c - 4. Let x be v(-3). Suppose -218*h + 205*h + 832 = 0. Calculate the highest common factor of x and h.
8
Suppose -4*l - 73 = 5*k, -3*k + 0*l - 31 = -4*l. Let b = -11 - k. Suppose 0 = -b*o - 4*o + 156. Calculate the highest common divisor of 286 and o.
26
Let i be ((-2)/(-5) - 1)/((-39)/(-195)). Let c(r) = 5*r**2 + 6*r + 6. Let h be c(i). What is the greatest common factor of 11 and h?
11
Let g be (-5)/(-20)*4 - -67. What is the greatest common divisor of 153 and g?
17
Let o = 2711 - 2703. What is the greatest common factor of o and 172?
4
Let o = 2250 + 477. Suppose o = 9*x + 549. What is the greatest common factor of 22 and x?
22
Let l = -15 + 28. Suppose -2*p = 1 - l. Suppose 9*x = 8*x - z + 24, -96 = -4*x + z. Calculate the highest common factor of p and x.
6
Suppose 0 = -220*h + 218*h + 1476. What is the highest common factor of h and 27?
9
Let d(w) = w**3 + 10*w**2 - w + 1. Let p be d(-9). Suppose 0*a = -3*n - a + 35, 2*n = 4*a + 42. Calculate the highest common factor of n and p.
13
Let q(p) = -12*p**2 + 109*p - 1. Let z be q(9). What is the highest common divisor of z and 184?
8
Let q be (-113656)/(-64) - 10/(-80). What is the greatest common factor of q and 333?
111
Suppose 84 = 5*q + 3*f, 27 = 28*q - 26*q - f. Calculate the highest common divisor of q and 615.
15
Suppose 0 = 18*i - 5*i - 12103. Calculate the greatest common divisor of 19 and i.
19
Let b be 3 - 3/1 - -16. Suppose 0 = -6*g + 8*g - 220. Suppose 3*a - 5*r = 321, -a + g - 4 = -2*r. What is the highest common factor of b and a?
16
Let b be (2/((-4)/6))/(-1). Suppose f = 3*c + 13, 2*f = 4*c + 13 + 5. What is the highest common factor of f and b?
1
Suppose 2*c - 12 = 3*a, -3*a + 4 = -2*a. Let q be 90/(-2)*(4 + -9). Let g = q + -117. What is the highest common divisor of c and g?
12
Suppose -2*d - 100 = -3*d. Let m be (-1)/(5/((-500)/4)). What is the highest common factor of d and m?
25
Suppose -d = -5*z + 18, -d - 1 - 2 = 0. Suppose 67 = 5*c - 4*b, -5*b + 42 = z*c - 13. What is the highest common divisor of c and 135?
15
Let f = 96 + -49. Let q = f + -35. What is the highest common factor of 30 and q?
6
Let x(k) = -5*k + 3. Let y be (6/(-4))/(18/24). Let r be (6/4)/(1/y). Let f be x(r). Calculate the highest common factor of 6 and f.
6
Suppose 52*i - 200 = 57*i. Let q be 24 - (3/(-4) + (-30)/i). Suppose 21 + 3 = 2*y. What is the highest common factor of y and q?
12
Let v = 402 - 247. Suppose -243 - 67 = -5*l. What is the highest common divisor of l and v?
31
Let a = 1156 + -793. What is the greatest common divisor of a and 44?
11
Let i be (-425)/5 + -3 - 2. Let l be ((-110)/(-6))/(6/i). Let f = l + 410. Calculate the highest common divisor of 15 and f.
15
Let y = -832 + 986. What is the greatest common divisor of 693 and y?
77
Let t(l) = l**3 - 10*l**2 + l - 8. Let j be t(10). Let v be (10 - 11)/(j/10). Let w be (v - -3)*14/(-4). Calculate the highest common factor of w and 7.
7
Suppose -3*c = -2*c - 11. Let k = 4 - 8. Let z = c + k. Calculate the greatest common divisor of 63 and z.
7
Suppose 3*u = -4*z + 121, 2*u + 7*z - 4*z = 82. Let c be (-5)/(-1*(0 - -1)). What is the highest common factor of c and u?
5
Suppose 22*x = 30*x - 688. What is the greatest common factor of 473 and x?
43
Suppose 5*c - 2*c = 0. Suppose 0*z + 4*z + 40 = 0. Let r = c - z. Calculate the highest common divisor of r and 4.
2
Let v be 342/36 + 2/4. Suppose 224 + 16 = v*s. What is the greatest common factor of s and 16?
8
Let i be (1571/11 - 3) + 8/44. What is the highest common factor of i and 84?
28
Let q(j) = j - 18. Let r be q(-6). Let m = -2 - r. Let k = m + -10. Calculate the greatest common divisor of 12 and k.
12
Let m = 33 + -23. Let g(f) = 2*f**2 + 10*f + 9. Let u be g(-5). Let r(a) = -2*a + 48. Let d be r(u). What is the highest common divisor of d and m?
10
Let f be ((-24)/(-10))/(-5 - (-54)/10). Let p = -24 + 26. Let d = 4 + p. What is the greatest common factor of f and d?
6
Suppose -2*u = -4*l + 710, 0 = -5*l + 5*u - 6*u + 891. What is the greatest common divisor of 4 and l?
2
Suppose 0 = -t - 2*p + 13, -4 = -3*t - t + 4*p. Suppose 3*m + 2*a = 113, 59 = -t*m + 4*a + 262. Calculate the greatest common factor of 26 and m.
13
Suppose 2*d = -10*r + 15*r - 281, -4*r + 226 = -2*d. Suppose -28 = -5*j - 8. Suppose j*n - r = -n. Calculate the highest common divisor of n and 44.
11
Let z = 29 - -39. What is the greatest common factor of z and 17?
17
Let b(f) = f**3 - 2*f**2 - 4*f + 29. Let y be b(5). Calculate the greatest common divisor of 56 and y.
28
Suppose 0 = h - l - 117, -48 = -h - 3*l + 69. Calculate the greatest common divisor of 9 and h.
9
Let j(m) = -m**2 + 15*m - 7. Let o be j(4). What is the greatest common factor of o and 481?
37
Let z(o) = 10*o + 2. Let u = -1 - -6. Let w be z(u). Let y = 86 - w. Calculate the highest common divisor of 85 and y.
17
Suppose 5*a = 3*a + 3*d + 32, d + 54 = 5*a. Suppose 0 = a*u - 7*u - 168. What is the greatest common divisor of 70 and u?
14
Let o = -1254 + 2316. Calculate the greatest common divisor of 118 and o.
118
Suppose 2*z = -z - 6*z. Suppose -450 = -3*n - 3*i, z*i + 16 = -4*i. Calculate the highest common divisor of n and 14.
14
Suppose -41*i + 36 = -38*i. What is the greatest common divisor of i and 24?
12
Suppose -60 - 60 = -27*v + 7*v. Suppose -h - h = -60. What is the highest common divisor of v and h?
6
Let h be (18/27)/(6/(-8721)*-3). Suppose -h = -9*i + 460. What is the highest common divisor of 58 and i?
29
Let g be (-4650)/(-40) + (-2)/8. Let l = g + -66. What is the greatest common factor of l and 10?
10
Let d = -163 + 132. Let b = d + 40. Calculate the greatest common divisor of 36 and b.
9
Let f be (-1)/((-2)/(-2)) - (-225 + 144). What is the highest common factor of f and 60?
20
Suppose -26 = -l + 5*a, -59 = -5*l + 5*a + 91. Calculate the highest common divisor of 713 and l.
31
Let r(k) = 4*k - 1. Let f be r(4). Let t = 14 - 10. Suppose -t*u + 3*u + f = 0. What is the greatest common factor of u and 60?
15
Let l(i) = -10*i**2 - 3*i. Let v be l(-3). Let m = 480 + v. Suppose 0 = 4*g - 177 - m. What is the greatest common divisor of 18 and g?
18
Let j = -16 + 27. Suppose 4*q = -3*p + 349, -5*q - 2*p - 3*p = -435. Calculate the greatest common divisor of j and q.
11
Let j be 1/(-3) + (-61)/(-3). Suppose 15 = -3*b + 6*b. What is the greatest common divisor of j and b?
5
Suppose -2*k - k = -30. Suppose 17 = -k*a + 11*a. Calculate the highest common divisor of a and 17.
17
Let w = -135 + 140. What is the greatest common divisor of 5 and w?
5
Suppose 127 = -3*f - 191. Let u = f + 110. Let s be (-5 + 0)*4/(-5). What is the greatest common factor of u and s?
4
Let o be 1*2/(-2)*-5. Suppose o*j = 2*j + 9. Suppose 5*c - 31 = -j*g + 194, -5*g = -5*c + 185. Calculate the greatest common divisor of 14 and c.
14
Let q(o) = -o**3 + 5*o**2 + 5*o + 4. Let w be q(6). Let l be 1 + 76/6 - (-72)/216. Let c = l + w. What is the greatest common divisor of c and 6?
6
Suppose 32*z - 16575 = -19*z. What is the greatest common factor of 25 and z?
25
Let o(f) = f**3 + 6*f**2 - 6*f + 33. Let h be o(-9). Let z = 176 + h. Calculate the highest common divisor of 4 and z.
4
Suppose 0 = u - 5*k - 15, 5*u - 2*k - 10 = 19. Suppose u*o - 11 = 4. Calculate the highest common factor of o and 15.
3
Let d be 830/(-1245)*-86*(-78)/(-8). What is the greatest common factor of 26 and d?
13
Let i(s) = s**3 + 6*s**2 - 4*s + 1. Let h be i(-3). Suppose 7*j = 3*j - 424. Let d = -96 - j. What is the greatest common factor of d